1 - -102?
-1010103
In base 12, what is 1457 + 22?
1479
In base 7, what is 112 - 1222?
-1110
In base 8, what is -4306 + 121?
-4165
In base 2, what is 110110010110 + -11001?
110101111101
In base 13, what is 65 + -3a9?
-344
In base 2, what is -10000000010010 + 100?
-10000000001110
In base 11, what is 1a + -620a?
-61a0
In base 9, what is -7 + -72433?
-72441
In base 11, what is 34470 - 6?
34465
In base 11, what is 309 + -a?
2aa
In base 9, what is 27570 + -3?
27566
In base 6, what is 4011 - 232?
3335
In base 5, what is -132 + -30330?
-31012
In base 7, what is -5525 - 14?
-5542
In base 16, what is 13 + 8fd?
910
In base 9, what is -5662 + -470?
-6242
In base 6, what is 0 + -242052?
-242052
In base 11, what is 3284 + -237?
3048
In base 16, what is 79f - 23d?
562
In base 4, what is 20303111 - -1132?
20310303
In base 3, what is 22012210201 - 10?
22012210121
In base 7, what is 606036 - 26?
606010
In base 7, what is -1305 + 13?
-1262
In base 7, what is 1 + 2045236?
2045240
In base 13, what is -31 - -ac9?
a98
In base 8, what is -2715 + -46?
-2763
In base 14, what is -6a - -ad?
43
In base 3, what is 201102220 - 2?
201102211
In base 2, what is -1100 + -111110000?
-111111100
In base 5, what is 10 + 433401?
433411
In base 10, what is -3 + -22597?
-22600
In base 11, what is 25782 + 1?
25783
In base 3, what is -12 + 2010012221220?
2010012221201
In base 16, what is -6194 + 42?
-6152
In base 2, what is -11010101100 - -10100110?
-11000000110
In base 13, what is 2 + -225175?
-225173
In base 9, what is 35810 - 17?
35782
In base 8, what is 3255 + 452?
3727
In base 13, what is -8 + -2917?
-2922
In base 15, what is -a0436 - -1?
-a0435
In base 4, what is 20110303 - 222?
20110021
In base 7, what is -2166 - -4363?
2164
In base 14, what is 81 + -30d1?
-3050
In base 5, what is -22412011 - -10?
-22412001
In base 6, what is 1 + -1054055?
-1054054
In base 16, what is 5b52 - -4d?
5b9f
In base 13, what is -11 - 6a537?
-6a548
In base 15, what is 36cc + -1d?
36ae
In base 2, what is -1110010101111 - -10101?
-1110010011010
In base 3, what is 11012222 + 10022?
11100021
In base 13, what is c3536 + 1?
c3537
In base 5, what is 341 + 133314?
134210
In base 7, what is -120 + 3054?
2634
In base 6, what is -5 + 145553?
145544
In base 14, what is 17bb - 13?
17a8
In base 3, what is 101221021 - -212021?
102210112
In base 6, what is -3 - 4101443?
-4101450
In base 15, what is 50 - -4aa2?
4b02
In base 8, what is -126 + -3432?
-3560
In base 14, what is 0 + -837b?
-837b
In base 10, what is 5 + -8025?
-8020
In base 14, what is 7 - 1886?
-187d
In base 9, what is -5 + -830023?
-830028
In base 13, what is 128 + -21a4?
-2079
In base 15, what is -b5 + 5c6?
511
In base 14, what is -2214 + 2?
-2212
In base 14, what is -5784 - -3?
-5781
In base 4, what is 331202303 + -1?
331202302
In base 8, what is -6460537 - -5?
-6460532
In base 4, what is -1 + -1131100?
-1131101
In base 12, what is -8366 + -1?
-8367
In base 12, what is -10243 - -36?
-10209
In base 9, what is -585438 + 11?
-585427
In base 6, what is -223001413 + 0?
-223001413
In base 15, what is 448 + -36?
412
In base 3, what is -1001022 - -1201?
-222121
In base 14, what is -1d6 - -258?
62
In base 11, what is -63 - 188?
-240
In base 8, what is 175 + -2535?
-2340
In base 15, what is 2360 + -5?
235a
In base 6, what is 1 - 315052?
-315051
In base 6, what is -5 + -314442?
-314451
In base 2, what is -111001000010 + 10000000000?
-101001000010
In base 13, what is 7 - -7474?
747b
In base 15, what is -7 - 6e50?
-6e57
In base 11, what is 271275 + 0?
271275
In base 2, what is -10000110111 - -1001000?
-1111101111
In base 12, what is -3b - 479?
-4b8
In base 8, what is 0 + -12727?
-12727
In base 5, what is 13110224 - 4?
13110220
In base 12, what is -228 - 26a?
-496
In base 7, what is 126 - 5002?
-4543
In base 3, what is 10 - 10010220212?
-10010220202
In base 13, what is -3 + 5085?
5082
In base 8, what is -6 + -23370?
-23376
In base 8, what is 7 + -123424?
-123415
In base 12, what is -285 - 214?
-499
In base 14, what is 3970d6 - -4?
3970da
In base 16, what is 8d19f + -2?
8d19d
In base 9, what is 4027 - 1582?
2335
In base 11, what is -5 - 7282?
-7287
In base 4, what is 2113202 + 2100?
2121302
In base 3, what is 102 + 201021102?
201021211
In base 14, what is 1a87 - 19?
1a6c
In base 4, what is 2211231 + -11302?
2133323
In base 6, what is 144 + -30?
114
In base 14, what is 705 + -1467?
-b62
In base 7, what is 20463 - 114?
20346
In base 11, what is 5 + 9244?
9249
In base 9, what is 70732 + 37?
70770
In base 14, what is -32 + 220?
1cc
In base 12, what is 16 - -9874?
988a
In base 11, what is 4a0 + -6?
495
In base 2, what is -100010111110100001101 + -101?
-100010111110100010010
In base 13, what is 4 + -229?
-225
In base 8, what is 0 - -30402?
30402
In base 11, what is -65 - 842?
-8a7
In base 8, what is -500204 + 0?
-500204
In base 16, what is 84d + -1?
84c
In base 3, what is -20120 + -1000202?
-1021022
In base 16, what is -6 + -1fdc6?
-1fdcc
In base 9, what is 2560 - 3164?
-504
In base 13, what is 709 + -1?
708
In base 11, what is 10 - -937?
947
In base 9, what is 4 + -401176?
-401172
In base 2, what is -1101 - 100101011011000010?
-100101011011001111
In base 6, what is -1 + -2311555?
-2312000
In base 15, what is -1 + de1?
de0
In base 2, what is -101011101010111111 + -111?
-101011101011000110
In base 4, what is 11 + -20032000?
-20031323
In base 9, what is 581116 - -11?
581127
In base 2, what is -1001000000 + -111000111?
-10000000111
In base 6, what is -3 + 5553?
5550
In base 4, what is 2112023131 + 11?
2112023202
In base 7, what is 455 - 1065?
-310
In base 9, what is -157181 - -1?
-157180
In base 9, what is 1 - -1312?
1313
In base 3, what is -2210 + 10110212?
10101002
In base 2, what is 1011010111110001010 + 0?
1011010111110001010
In base 11, what is -77 + a02?
936
In base 6, what is 4 - -1155141?
1155145
In base 8, what is 16656 + 17?
16675
In base 9, what is 6553 + -4?
6548
In base 11, what is 19584 + 1?
19585
In base 8, what is -525 - 71?
-616
In base 14, what is -19 + 88?
6d
In base 2, what is -100010 - 11101010?
-100001100
In base 9, what is 3 - -685556?
685560
In base 3, what is 122001011 - -20?
122001101
In base 4, what is 1322323 - -2111?
1331100
In base 2, what is -10101001000010111111 - 100?
-10101001000011000011
In base 7, what is 3 + -11233063?
-11233060
In base 12, what is 34 + 162?
196
In base 10, what is -4 + 16509?
16505
In base 2, what is -10010111010010110 + -10111?
-10010111010101101
In base 11, what is -4947 - -1?
-4946
In base 4, what is -11 + 3120011?
3120000
In base 3, what is -22100 - 122022?
-221122
In base 14, what is -16c0 - 15?
-16d5
In base 7, what is 5 - -23030?
23035
In base 13, what is -57c9a + -2?
-57c9c
In base 10, what is 27 - -28965?
28992
In base 10, what is 296 - -110?
406
In base 11, what is -9a4 + 238?
-767
In base 14, what is 1c98c - 2?
1c98a
In base 14, what is 16ba - 15?
16a5
In base 15, what is 2e + -180?
-151
In base 8, what is 140260 - 5?
140253
In base 5, what is -2 - 40201?
-40203
In base 10, what is 6 + 96457?
96463
In base 10, what is 7090 + 4?
7094
In base 2, what is -1011001100111 - -111?
-1011001100000
In base 8, what is -175544 + -2?
-175546
In base 8, what is -1313 + 3?
-1310
In base 16, what is -5e9 - -3d5?
-214
In base 14, what is -720b - -8?
-7203
In base 12, what is -15aa + -78b?
-2179
In base 6, what is -21205 - 35?
-21244
In base 14, what is -43 - 10c?
-151
In base 13, what is -a483 - 3?
-a486
In base 11, what is 3 + 2a2?
2a5
In base 2, what is -101 - -1011101110101?
1011101110000
In base 5, what is -140 + 3031?
2341
In base 13, what is -65b4 + -37?
-661b
In base 11, what is 122 - -272?
394
In base 12, what is 692 - 11b1?
-71b
In base 2, what is 101000010000 + -1010110?
100110111010
In base 11, what is 898 + -41?
857
In base 3, what is 20222112 - 120?
20221222
In base 9, what is -577615 - -3?
-577612
In base 14, what is 6c30 + 10?
6c40
In base 14, what is -1225 - b?
-1232
In base 8, what is -5 - 4772?
-4777
In base 2, what is -1011 - -101010011000000?
101010010110101
In base 12, what is 135a45 + -17?
135a2a
In base 12, what is 129 - -82?
1ab
In base 3, what is -101 + 2120210202?
2120210101
In base 14, what is 5 + a281?
a286
In base 2, what is 1101100000000001010 - -101?
1101100000000001111
In base 6, what is 1551 + 